95?
3, 5, 439, 6367
What are the prime factors of 67225402?
2, 33612701
What are the prime factors of 100518560?
2, 5, 499, 1259
What are the prime factors of 838688158?
2, 7, 11, 19, 286633
List the prime factors of 812153906.
2, 5851, 69403
List the prime factors of 870724975.
5, 34828999
What are the prime factors of 3756952622?
2, 1878476311
What are the prime factors of 53725215?
3, 5, 3581681
What are the prime factors of 67278747?
3, 421, 53269
List the prime factors of 1399217212.
2, 349804303
List the prime factors of 158799424.
2, 7, 354463
What are the prime factors of 1426836103?
7, 11, 19, 975281
List the prime factors of 1025885076.
2, 3, 7841, 10903
What are the prime factors of 152751691?
41, 3725651
List the prime factors of 17710335.
3, 5, 103, 3821
List the prime factors of 891139686.
2, 3, 179, 443, 1873
List the prime factors of 78539058.
2, 3, 13, 31, 401
What are the prime factors of 239841880?
2, 5, 5996047
What are the prime factors of 29324910?
2, 3, 5, 271, 3607
List the prime factors of 388410030.
2, 3, 5, 1831, 2357
List the prime factors of 82694637.
3, 23, 399491
What are the prime factors of 3378747658?
2, 11, 13, 11813803
What are the prime factors of 63582157?
63582157
List the prime factors of 1950983.
53, 131, 281
List the prime factors of 400214993.
19, 29, 509, 1427
List the prime factors of 11257732.
2, 2814433
List the prime factors of 76274866.
2, 38137433
List the prime factors of 51677889.
3, 3907, 4409
What are the prime factors of 965767186?
2, 43, 47, 337, 709
List the prime factors of 659912722.
2, 7, 1193, 39511
What are the prime factors of 261465978?
2, 3, 23, 193, 9817
What are the prime factors of 7891966742?
2, 11, 47, 613, 12451
What are the prime factors of 590489127?
3, 101, 421, 1543
List the prime factors of 43551605.
5, 131, 66491
What are the prime factors of 232324335?
3, 5, 541, 3181
List the prime factors of 44495183.
44495183
List the prime factors of 86617686.
2, 3, 17, 607, 1399
What are the prime factors of 7820288956?
2, 5419, 360781
List the prime factors of 175610248.
2, 11, 1123, 1777
What are the prime factors of 154510372?
2, 37, 269, 3881
List the prime factors of 38016012.
2, 3, 17, 331, 563
What are the prime factors of 2553239251?
43, 59377657
What are the prime factors of 484552707?
3, 23, 61, 115123
List the prime factors of 235594787.
313, 752699
What are the prime factors of 3991339281?
3, 29, 45877463
What are the prime factors of 1167762803?
5857, 199379
What are the prime factors of 74353266?
2, 3, 13, 61, 5209
What are the prime factors of 470096435?
5, 97, 969271
List the prime factors of 44350093.
17, 47, 1181
List the prime factors of 178362183.
3, 967, 61483
What are the prime factors of 441694480?
2, 5, 5521181
List the prime factors of 17645289.
3, 113, 52051
What are the prime factors of 47666299?
73, 157, 4159
List the prime factors of 87482177.
87482177
List the prime factors of 2971819686.
2, 3, 11, 45027571
List the prime factors of 144127936.
2, 23, 179, 547
List the prime factors of 78803503.
78803503
List the prime factors of 4945702.
2, 2472851
List the prime factors of 2009207253.
3, 669735751
List the prime factors of 32113951.
331, 97021
What are the prime factors of 2135965111?
7, 1277, 238949
What are the prime factors of 1911266778?
2, 3, 397, 463, 1733
List the prime factors of 1895894901.
3, 1543, 136523
What are the prime factors of 1085636020?
2, 5, 7, 2447, 3169
List the prime factors of 2290929962.
2, 17, 37, 911, 1999
List the prime factors of 904004093.
43, 53, 396667
What are the prime factors of 44894388?
2, 3, 7, 11, 631
What are the prime factors of 266053027?
1459, 182353
List the prime factors of 60508787.
19, 47, 67759
List the prime factors of 8797939.
8797939
List the prime factors of 395824059.
3, 61, 720991
What are the prime factors of 3335993?
1783, 1871
List the prime factors of 1902196810.
2, 5, 17, 11189393
What are the prime factors of 1093417037?
257, 4254541
What are the prime factors of 230453361?
3, 47, 544807
List the prime factors of 75006405.
3, 5, 43, 59, 73
List the prime factors of 7546466442.
2, 3, 1453, 865619
What are the prime factors of 180517198?
2, 83, 1087453
What are the prime factors of 17306325?
3, 5, 25639
List the prime factors of 154142823.
3, 51380941
List the prime factors of 3013023507.
3, 13, 77257013
What are the prime factors of 4055771962?
2, 11, 6977, 26423
List the prime factors of 18513059.
53, 349303
What are the prime factors of 25132464?
2, 3, 7, 8311
What are the prime factors of 17299954?
2, 7, 1235711
What are the prime factors of 54358160?
2, 5, 239, 2843
List the prime factors of 3599376267.
3, 29, 41372141
List the prime factors of 35106849.
3, 29, 31, 4339
List the prime factors of 90321070.
2, 5, 7, 37, 43, 811
List the prime factors of 102239784.
2, 3, 23, 107, 577
List the prime factors of 74726635.
5, 14945327
What are the prime factors of 37963062?
2, 3, 2109059
List the prime factors of 3192175349.
11, 290197759
What are the prime factors of 5483842418?
2, 2741921209
What are the prime factors of 4781002109?
13, 3499, 105107
What are the prime factors of 728896236?
2, 3, 60741353
What are the prime factors of 913600978?
2, 17, 19, 29, 48767
List the prime factors of 28423556.
2, 7, 1015127
List the prime factors of 625088938.
2, 383, 816043
List the prime factors of 280619527.
17, 23, 717697
What are the prime factors of 91154430?
2, 3, 5, 337609
What are the prime factors of 77092205?
5, 23, 97, 6911
What are the prime factors of 782181113?
7, 19, 59, 99679
What are the prime factors of 1678416976?
2, 104901061
What are the prime factors of 97429200?
2, 3, 5, 11, 61
List the prime factors of 189891072.
2, 3, 7, 29
What are the prime factors of 3950218038?
2, 3, 13, 50643821
What are the prime factors of 76597775?
5, 163, 18797
List the prime factors of 2361488362.
2, 43, 27459167
List the prime factors of 11877908.
2, 7, 191, 2221
List the prime factors of 12562559.
12562559
List the prime factors of 1458995669.
9439, 154571
List the prime factors of 1533496102.
2, 766748051
What are the prime factors of 692685624?
2, 3, 43, 47, 14281
What are the prime factors of 235398025?
5, 9415921
What are the prime factors of 65239312?
2, 19, 214603
What are the prime factors of 486706303?
167, 1223, 2383
What are the prime factors of 1358636?
2, 339659
List the prime factors of 954370367.
29, 32909323
What are the prime factors of 2270697659?
37, 59, 199, 5227
What are the prime factors of 3094567442?
2, 613, 2524117
What are the prime factors of 165682463?
165682463
What are the prime factors of 243457805?
5, 139, 149, 2351
What are the prime factors of 792170253?
3, 7, 109, 38453
What are the prime factors of 86017098?
2, 3, 41, 349663
List the prime factors of 21119229.
3, 2346581
What are the prime factors of 5457242386?
2, 17, 197, 283, 2879
List the prime factors of 2218157348.
2, 11, 17, 1009, 2939
What are the prime factors of 314907922?
2, 7, 499, 45077
List the prime factors of 39889039.
6089, 6551
What are the prime factors of 39374938?
2, 19687469
What are the prime factors of 2438366040?
2, 3, 5, 11, 615749
What are the prime factors of 96058013?
96058013
List the prime factors of 4630188286.
2, 61, 37952363
What are the prime factors of 385268066?
2, 1901, 101333
What are the prime factors of 471816323?
11, 89, 103, 4679
List the prime factors of 7883596.
2, 7, 281557
What are the prime factors of 33137741?
7, 13, 241, 1511
List the prime factors of 37709116.
2, 9427279
What are the prime factors of 133064279?
6733, 19763
List the prime factors of 1474437719.
6869, 214651
List the prime factors of 234998030.
2, 5, 401, 58603
List the prime factors of 2976851195.
5, 59, 10091021
List the prime factors of 4265540348.
2, 23, 4391, 10559
List the prime factors of 417478548.
2, 3, 29, 37, 32423
List the prime factors of 106554901.
137, 709, 1097
List the prime factors of 5736709572.
2, 3, 11, 43459921
What are the prime factors of 123710677?
31, 149, 26783
What are the prime factors of 470599950?
2, 3, 5, 17, 179, 1031
What are the prime factors of 782266973?
782266973
What are the prime factors of 29128088?
2, 11, 30091
List the prime factors of 49485578.
2, 1